{"id":19,"date":"2013-12-27T20:31:13","date_gmt":"2013-12-27T19:31:13","guid":{"rendered":"http:\/\/www.overhetduin.nl\/?page_id=19"},"modified":"2024-12-23T11:31:05","modified_gmt":"2024-12-23T10:31:05","slug":"huren","status":"publish","type":"page","link":"https:\/\/www.overhetduin.nl\/?page_id=19","title":{"rendered":"Ook huren?"},"content":{"rendered":"<p><span style=\"color: #666699;\">Wij verhuren ons huisje voor een week van zaterdag 09:00 tot vrijdag 19:00.<\/span><\/p>\n<h4><span style=\"color: #666699;\"><strong>Tarief<\/strong><\/span><\/h4>\n<p><span style=\"color: #666699;\">Voor- en naseizoen (mei- juni-) \u20ac 825 ,-<\/span><\/p>\n<p><span style=\"color: #666699;\">Hoogseizoen (meivakantie, juli augustus) \u20ac 975 ,-<\/span><\/p>\n<h4><span style=\"color: #666699;\"><strong>Huurvoorwaarden<\/strong><\/span><\/h4>\n<p><span style=\"color: #666699;\"><strong>Huisdieren zijn niet toegestaan<br \/>\nRook vrij huisje<\/strong><\/span><\/p>\n<ul>\n<li><span style=\"color: #666699;\">Drie \u00e9\u00e9n-persoons en \u00e9\u00e9n twee-persoons dekbed zijn aanwezig samen met beschermende Moltons en vijf hoofdkussens (zonder slopen). Let op! U dient zelf hoeslakens, kussenslopen en dekbedovertrekken of slaapzakken mee te nemen.<\/span><\/li>\n<li><span style=\"color: #666699;\">De borg bedraagt 200,-<\/span><\/li>\n<li><span style=\"color: #666699;\">Het huisje moet schoon achtergelaten worden, zie bijlage onder aan deze pagina.<\/span><\/li>\n<\/ul>\n<p><span style=\"color: #666699;\"><strong>Schoonmaak<\/strong><\/span><\/p>\n<p><span style=\"color: #666699;\">Het huisje moet schoon op geleverd worden bij het moment van vertrek. Eventuele schoonmaakkosten bedragen \u20ac50 ,-, u kunt zelf op de huurovereenkomst aangeven of u hier gebruik van wenst te maken.<br \/>\n<\/span><\/p>\n<p><span style=\"color: #666699;\"><strong>Handleiding<\/strong><\/span><\/p>\n<p><span style=\"color: #666699;\">Betreffende de keuken:<\/span><\/p>\n<ul>\n<li><span style=\"color: #666699;\">Servies en kookgerei dient afgewassen te worden en terug in de keukenkastjes te worden geplaatst.<\/span><\/li>\n<li><span style=\"color: #666699;\">Koelkast leeg en schoon achterlaten.<\/span><\/li>\n<li><span style=\"color: #666699;\">Gasfornuis en afzuigkap vetvrij.<\/span><\/li>\n<li><span style=\"color: #666699;\">Aanrecht schoon.<\/span><\/li>\n<li><span style=\"color: #666699;\">Wasbak en kraan waar nodig ontvet, ontkalkt en ontdaan van etensresten.<\/span><\/li>\n<\/ul>\n<p><span style=\"color: #666699;\">Voor de rest van het strandhuisje:<\/span><\/p>\n<ul>\n<li><span style=\"color: #666699;\">De bedden zandvrij.<\/span><\/li>\n<li><span style=\"color: #666699;\">De banken zandvrij.<\/span><\/li>\n<li><span style=\"color: #666699;\">Dekbedden uitgeschud en opgevouwen op het onderste bed.<\/span><\/li>\n<li><span style=\"color: #666699;\">De wc gesopt.<\/span><\/li>\n<li><span style=\"color: #666699;\">De douche schoon en droog.<\/span><\/li>\n<li><span style=\"color: #666699;\">De vloer geveegd.<\/span><\/li>\n<li><span style=\"color: #666699;\">Vuilnisbakken geleegd.<\/span><\/li>\n<li><span style=\"color: #666699;\">Vette plekken op ramen dienen verwijderd te zijn.<\/span><\/li>\n<\/ul>\n<p><span style=\"color: #666699;\">Buitenzijde:<\/span><\/p>\n<ul>\n<li><span style=\"color: #666699;\">Vlonders, zo goed als, zandvrij.<\/span><\/li>\n<li><span style=\"color: #666699;\">Vette plekken op de ramen dienen verwijderd te zijn.<\/span><\/li>\n<li><span style=\"color: #666699;\">Parasols en alle andere gebruiksmiddelen dienen terug te staan op de oorspronkelijke plaats.<\/span><\/li>\n<\/ul>\n<p><span style=\"color: #666699;\">Alle hulpmiddelen voor de schoonmaak zijn te vinden in het strandhuisje. Het is belangrijk enkel Ecover en afbreekbare schoonmaakmiddelen te gebruiken omdat het strandhuisje niet aangesloten is op het rioolnetwerk.<\/span><\/p>\n","protected":false},"excerpt":{"rendered":"<p>Wij verhuren ons huisje voor een week van zaterdag 09:00 tot vrijdag 19:00. Tarief Voor- en naseizoen (mei- juni-) \u20ac<\/p>\n<p><a href=\"https:\/\/www.overhetduin.nl\/?page_id=19\" class=\"more-link\">Continue reading<span class=\"screen-reader-text\">Ook huren?<\/span><\/a><\/p>\n","protected":false},"author":1,"featured_media":0,"parent":0,"menu_order":3,"comment_status":"closed","ping_status":"closed","template":"","meta":{"saved_in_kubio":true,"footnotes":""},"kubio_ai_page_context":{"short_desc":"","purpose":"general"},"_links":{"self":[{"href":"https:\/\/www.overhetduin.nl\/index.php?rest_route=\/wp\/v2\/pages\/19"}],"collection":[{"href":"https:\/\/www.overhetduin.nl\/index.php?rest_route=\/wp\/v2\/pages"}],"about":[{"href":"https:\/\/www.overhetduin.nl\/index.php?rest_route=\/wp\/v2\/types\/page"}],"author":[{"embeddable":true,"href":"https:\/\/www.overhetduin.nl\/index.php?rest_route=\/wp\/v2\/users\/1"}],"replies":[{"embeddable":true,"href":"https:\/\/www.overhetduin.nl\/index.php?rest_route=%2Fwp%2Fv2%2Fcomments&post=19"}],"version-history":[{"count":29,"href":"https:\/\/www.overhetduin.nl\/index.php?rest_route=\/wp\/v2\/pages\/19\/revisions"}],"predecessor-version":[{"id":423,"href":"https:\/\/www.overhetduin.nl\/index.php?rest_route=\/wp\/v2\/pages\/19\/revisions\/423"}],"wp:attachment":[{"href":"https:\/\/www.overhetduin.nl\/index.php?rest_route=%2Fwp%2Fv2%2Fmedia&parent=19"}],"curies":[{"name":"wp","href":"https:\/\/api.w.org\/{rel}","templated":true}]}}